- -2). Calculate the highest common factor of z and 237.
79
Let k be 184334/18 - (-76)/342. Calculate the highest common divisor of k and 98.
49
Suppose 5*k + 19 = -26. Let d = k - -15. Let q be (-54)/7*(-280)/(-960)*-8. Calculate the highest common factor of d and q.
6
Let h(i) be the first derivative of -7*i**2/2 - 44*i + 3. Let g be h(-10). Let k be 236/9 - (-14)/(-63). Calculate the greatest common factor of k and g.
26
Let d(c) = -4742*c + 23761. Let x be d(5). Suppose -z - z = 2*b - 2746, b - 3*z - 1389 = 0. Calculate the highest common factor of b and x.
51
Suppose -92*y = -88*y - 684. Suppose -4*h = -h - y. What is the highest common divisor of 19 and h?
19
Let u = -41689 + 43487. Suppose -218 = -3*i - 44. Calculate the greatest common divisor of u and i.
58
Suppose 327*m = 933597 - 271422. What is the highest common divisor of 1485 and m?
135
Let r = -7 - -10. Suppose -6*p - 38 = 1420. Let x = p - -276. What is the greatest common divisor of x and r?
3
Let z(k) = -k**3 - 8*k**2 + 4*k - 42. Let r = -29 + 20. Let j be z(r). What is the highest common factor of 120 and j?
3
Suppose 22*g + 2436 = 29*g. Let f = 352 - g. Calculate the highest common factor of f and 20.
4
Let n be 8*(87/6 + -1). Let l = 249 - 172. Suppose 5*j + l = 5*f - f, 0 = -2*f - j + 35. Calculate the highest common factor of n and f.
18
Let p = 13755 + -8905. What is the greatest common factor of 50 and p?
50
Let m(u) = u**2 + 75*u - 1611. Let z be m(-101). Calculate the highest common divisor of z and 280.
35
Suppose 0 = 2*y + 6 + 18. Let o be (5 - 9)*y/(-9)*12. Let g = 99 + o. What is the greatest common factor of 175 and g?
35
Suppose p - 2*l = 292, -4*p + 1153 = 2*l - 7*l. Let q = -268 + p. Suppose 0 = 2*z + 2*f - 278, f + 3 = -2*f. What is the highest common factor of z and q?
14
Let w be 54/4*8/3. Suppose -9*k - i + 26 = -6*k, -i - 24 = -2*k. Suppose 5*q + 4 = 2*n, 12 = 2*n - k*q + 7*q. Calculate the highest common factor of w and n.
12
Suppose -17*o + 68042 = 4*i - 18*o, -5*i = 5*o - 85040. What is the greatest common divisor of i and 210?
210
Let x be (-3)/3 - (-164 + (5 - 2)). Suppose -8*l + x = -288. Suppose 8 = 4*c - l. What is the highest common divisor of 64 and c?
16
Let n = 263 - 185. Suppose v + 34 = j - 2*v, n = 3*j + 3*v. Suppose 88*f + 176*f = 1848. What is the highest common divisor of f and j?
7
Let w(r) = r**2 + 8*r + 16. Let k be w(-12). Suppose 480 = 4*g + g. What is the greatest common divisor of k and g?
32
Let p be (-100)/300 - 1082/(-6). Calculate the greatest common factor of 135 and p.
45
Let x = -1040 - -1152. What is the highest common factor of x and 4368?
112
Suppose 191*f = 38*f + 19278. Calculate the greatest common divisor of 16002 and f.
126
Suppose -2*y + 19 + 209 = 0. Suppose 0 = 4*d + 5*u - y, 53*u + 4 = 51*u. Calculate the greatest common divisor of 31 and d.
31
Let z be ((21/(-28))/1)/((-4)/64). Calculate the greatest common factor of 108 and z.
12
Let r(j) = -j**2 - 15*j - 32. Let p be r(-12). Suppose -4*t + 4*u + 1536 = t, -u = p. Suppose a = -11 + 49. Calculate the greatest common divisor of a and t.
38
Suppose -34*i = -2*i - 160. Suppose i*u = -2*n + 81, -4*n + 3*u + 39 = -136. Calculate the greatest common divisor of n and 129.
43
Suppose 0 = -3*y + r + 1815, -5*y + 57*r - 56*r = -3023. Calculate the greatest common divisor of 5285 and y.
151
Let p(j) = -4*j - 1. Let b be p(-1). Let v(a) = -50*a - 14. Let m be v(b). Let h = -131 - m. What is the highest common factor of h and 132?
33
Let y = -106 - -115. Calculate the highest common divisor of y and 3033.
9
Let p be 8/(-18) + 1202550/54. What is the greatest common divisor of 39 and p?
39
Let i(t) = -5*t - 62. Let h = 410 - 427. Let n be i(h). What is the highest common divisor of n and 391?
23
Suppose -9*b = -4*b - 15. Suppose -3*j - s = -0*s - 112, 122 = b*j - s. Suppose 20 = u - 5*u, 3*g + 3*u = j. Calculate the greatest common factor of 126 and g.
18
Let g(r) = 2*r**3 - 17*r**2 + 6*r - 128. Let a be g(9). Calculate the greatest common divisor of a and 1757.
7
Let n(s) be the third derivative of -s**4/24 + 8*s**3/3 + 15*s**2. Let x be n(-14). Let l = 57 - x. Calculate the greatest common divisor of l and 54.
27
Suppose -3*x + 18*s = 22*s - 21, -2*s = -2*x. Calculate the greatest common divisor of 1587 and x.
3
Suppose 26 = 11*a + 48. Let k be ((-3)/(-5))/(10/(-1400)*a). Calculate the greatest common factor of 7 and k.
7
Let b be -50*(2/(-4) + 0). Let j be (-4)/10 + 1410/b. Suppose 5*z - 32 = -17, -4*g + 20 = -4*z. What is the greatest common factor of g and j?
8
Let a = -28 - -32. Suppose 5*h - 32 = 3*u, -a*h - 3*u = -3*h - 10. Let l = 486 - 395. What is the highest common factor of l and h?
7
Suppose -13*w + 528 = -11*w. Let a be (-312)/(40/(-5)) + 1 + -4. Suppose t = -3 + a. What is the greatest common divisor of w and t?
33
Suppose 5*g - 75600 = -47*g + 12*g. Calculate the highest common divisor of 490 and g.
70
Suppose -42 = -2*r + 178. Let w = r - 34. Let t = 27 + -8. What is the greatest common factor of w and t?
19
Let t be 540/(-195)*13*12/(-24). Let n be ((-10)/(-25))/((-2)/(-10)). Suppose n*u - 232 = 92. Calculate the highest common factor of t and u.
18
Suppose -100*i = 3*p - 104*i - 42429, 4*p = -i + 56553. What is the highest common factor of 9 and p?
9
Let i(h) = -2*h**3 - 17*h**2 + 24*h + 30. Let m be i(-14). Calculate the greatest common divisor of 222 and m.
74
Let j = -72 - -75. Suppose p - i = 28, j*p - p - 4*i - 60 = 0. What is the highest common factor of p and 416?
26
Let y = 51 + -11. Let d = y + -30. Suppose -66 = -4*p + d. Calculate the highest common factor of 19 and p.
19
Suppose 2*s = 49 - 5. Suppose 3*y - 597 = -3*j, -1389 = 11*y - 18*y - 3*j. What is the highest common factor of y and s?
22
Let g be (-957 - 21)*(-1)/3. Let j be -2*g/4*-2. Suppose 7*o = j + 115. What is the greatest common factor of o and 21?
21
Let h(w) = -335*w**3 + w**2 - 45*w - 45. Let j be h(-1). Calculate the greatest common divisor of 462 and j.
42
Let b(c) = -3*c + 16. Let z be b(6). Let w(y) = -7*y - 6. Let s be w(z). Suppose q + 2 = 0, 4*p = -3*q - q. What is the greatest common divisor of p and s?
2
Let y(h) = -683*h**3 + 2*h**2 + 1. Let g be y(-1). What is the greatest common divisor of g and 56?
14
Suppose 5*v + 5*k - 133 = k, -58 = -2*v - 4*k. Suppose 0 = -v*t + 318 + 2157. Suppose -2*p + 54 + 78 = 0. Calculate the highest common factor of p and t.
33
Let l = 218 + -215. Suppose -l*w + 24*w - 2100 = 0. What is the greatest common factor of 80 and w?
20
Let u be 3*1 + 5 + -4. Suppose -56 = -j + u*l, 2*j + 3*l - 112 = -0*j. Let f be (-4)/14 + 24/j*31. Calculate the highest common divisor of 13 and f.
13
Let o(d) = -3*d - 60. Let s be o(8). Let y be 3/4 + (-2709)/s - -2. What is the highest common divisor of y and 35?
35
Let l(y) be the first derivative of -3*y**2 - 25 + 1/3*y**3 + 0*y. Let i be l(-2). Calculate the greatest common divisor of i and 80.
16
Let b = 8 - 10. Let g be -1 + 20 - (-6)/b. Let a = -154 - -158. What is the greatest common divisor of a and g?
4
Suppose -68 - 22 = -2*k - 5*g, g = -2. Suppose -k*q + 2730 = -43*q. What is the highest common factor of q and 60?
30
Let x(j) be the second derivative of j**4/12 - 5*j**3/6 + 9*j**2/2 + 175*j. Let v be x(9). What is the greatest common divisor of v and 54?
9
Let g be (9/(-4))/(7/(-56)). Let n(b) = 2*b - 12. Let v be n(5). Let s be ((-3)/v)/(3/216). Calculate the greatest common divisor of s and g.
18
Suppose -30*z + 5*p + 368 = -28*z, -5*z + p + 874 = 0. Let m = 9 + -3. Calculate the greatest common factor of z and m.
6
Let h = -6981 - -7266. What is the greatest common factor of h and 342?
57
Let n = -5203 + 5479. What is the highest common factor of 42 and n?
6
Let f be ((-64)/1)/(-2) + 0. Suppose 4*o - o + 2*n + 78 = 0, -3*o - 87 = -n. Let r be (114/133)/((-3)/o). Calculate the greatest common factor of r and f.
8
Suppose -3*z + 6*z = -2*t + 6770, -2*z - 10116 = -3*t. Calculate the greatest common factor of t and 16.
16
Let n(t) = t**3 - 13*t**2 + 10*t - 30. Let j be n(14). Let i = j + -287. Calculate the highest common factor of 1 and i.
1
Suppose 3*s = -i + 38, s = -s - i + 26. Suppose -3*l - 15 = 4*p, p + p - 15 = 3*l. Let r be 2/l*(-168 - -18). What is the greatest common factor of s and